{"id":728,"date":"2024-10-13T19:18:16","date_gmt":"2024-10-13T19:18:16","guid":{"rendered":"https:\/\/michael.odnowa.org\/?page_id=728"},"modified":"2024-10-15T17:27:28","modified_gmt":"2024-10-15T17:27:28","slug":"sluzba-diakonie-2-5","status":"publish","type":"page","link":"https:\/\/michael.odnowa.org\/?page_id=728","title":{"rendered":"Diakonia Wstawiennicza"},"content":{"rendered":"\n<p><\/p>\n\n\n\n<div class=\"wp-block-columns is-layout-flex wp-container-core-columns-is-layout-9d6595d7 wp-block-columns-is-layout-flex\">\n<div class=\"wp-block-column is-layout-flow wp-block-column-is-layout-flow\">\n<figure class=\"wp-block-image size-full is-resized\"><img loading=\"lazy\" decoding=\"async\" width=\"675\" height=\"777\" src=\"https:\/\/michael.odnowa.org\/wp-content\/uploads\/2024\/10\/diakonia-wstawiennicza.jpg\" alt=\"\" class=\"wp-image-638\" style=\"width:370px;height:auto\" srcset=\"https:\/\/michael.odnowa.org\/wp-content\/uploads\/2024\/10\/diakonia-wstawiennicza.jpg 675w, https:\/\/michael.odnowa.org\/wp-content\/uploads\/2024\/10\/diakonia-wstawiennicza-261x300.jpg 261w\" sizes=\"auto, (max-width: 675px) 100vw, 675px\" \/><\/figure>\n<\/div>\n\n\n\n<div class=\"wp-block-column is-layout-flow wp-block-column-is-layout-flow\">\n<p><\/p>\n\n\n\n<p class=\"has-text-align-center has-nv-light-bg-background-color has-background\"><strong>osoba odpowiedzialna<\/strong><\/p>\n\n\n\n<p class=\"has-text-align-center has-medium-font-size\"><em>Mariola  <\/em><\/p>\n\n\n\n<p class=\"has-text-align-center has-nv-light-bg-background-color has-background\"><strong>dane kontaktowe<\/strong><\/p>\n\n\n\n<ul class=\"wp-block-list\">\n<li><em>wstawiennicy.michael.odnowa@gmail.com <\/em><\/li>\n\n\n\n<li><em><em>tel.: <strong>603 584 081<\/strong><\/em><\/em><\/li>\n<\/ul>\n<\/div>\n\n\n\n<div class=\"wp-block-column is-layout-flow wp-block-column-is-layout-flow\">\n<p><\/p>\n\n\n\n<p class=\"has-text-align-center has-nv-light-bg-background-color has-text-color has-background has-link-color wp-elements-4ef3518e0a910a4450a3a8e1c294d942\" style=\"color:#6961f2;font-size:18px\"><strong><em>Zapraszamy do kontaktu r\u00f3wnie\u017c osoby, kt\u00f3re czuj\u0105 w sercu pos\u0142ugiwaniem modlitw\u0105 wstawiennicz\u0105 i ch\u0119tnie chc\u0105 do\u0142\u0105czy\u0107 do naszego zespo\u0142u!   <\/em><\/strong><\/p>\n\n\n\n<p class=\"has-text-align-center has-nv-light-bg-background-color has-text-color has-background has-link-color wp-elements-b809e53b87fe0286da85fbf6fae81981\" style=\"color:#6961f2;font-size:18px\"><strong>Czekamy na Ciebie!<\/strong><\/p>\n<\/div>\n<\/div>\n\n\n\n<div class=\"wp-block-columns is-layout-flex wp-container-core-columns-is-layout-9d6595d7 wp-block-columns-is-layout-flex\">\n<div class=\"wp-block-column is-layout-flow wp-block-column-is-layout-flow\">\n<p class=\"has-text-align-center has-background\" style=\"background-color:#ededed\"><strong>kilka s\u0142\u00f3w o nas<\/strong><\/p>\n\n\n\n<p class=\"has-text-align-center\">Jeste\u015bmy osobami, kt\u00f3re rozezna\u0142y swoje powo\u0142anie we wsp\u00f3lnocie i maj\u0105 sta\u0142e pragnienie pos\u0142ugiwania modlitw\u0105 wstawiennicz\u0105. <\/p>\n\n\n\n<p class=\"has-text-align-center has-neve-text-color-color has-text-color has-link-color wp-elements-1776ae8f3b2dc4c0494c43fd8dfcf78f\" style=\"font-size:17px\">Powierzamy Panu osoby, kt\u00f3re przychodz\u0105 do nas po pomoc duchow\u0105, umocnienie &#8211; aby podprowadzi\u0107 te osoby do Boga i pom\u00f3c im do\u015bwiadczy\u0107 Jego Mi\u0142o\u015bci, blisko\u015bci i Mocy.<\/p>\n\n\n\n<p class=\"has-text-align-center has-neve-text-color-color has-text-color has-link-color wp-elements-a73ac3d191e5b20d509a461ea8c3cc1a\" style=\"font-size:17px\">Zesp\u00f3\u0142 stanowi\u0105 osoby zwi\u0105zane ze wsp\u00f3lnot\u0105 Michael, formuj\u0105ce si\u0119 w niej.<\/p>\n\n\n\n<p class=\"has-text-align-center has-nv-light-bg-background-color has-background\"><strong>\u017cycie duchowe<\/strong><\/p>\n\n\n\n<ul class=\"wp-block-list\">\n<li>\u017cycie Sakramentami \u015awi\u0119tymi,<\/li>\n\n\n\n<li>Jezus w centrum naszego \u017cycia,<\/li>\n\n\n\n<li>nasza osobista relacja z Chrystusem (modlitwa osobista, rozeznawanie Woli Bo\u017cej),<\/li>\n\n\n\n<li>dojrza\u0142o\u015b\u0107 emocjonalna,<\/li>\n\n\n\n<li>mi\u0142o\u015b\u0107 do Boga i ludzi.<\/li>\n<\/ul>\n<\/div>\n\n\n\n<div class=\"wp-block-column is-layout-flow wp-block-column-is-layout-flow\">\n<p class=\"has-text-align-center has-nv-light-bg-background-color has-background\"><strong>formacja<\/strong><\/p>\n\n\n\n<ul class=\"wp-block-list\">\n<li>formujemy si\u0119 przez udzia\u0142 w warsztatach, jedno- i wielodniowych (np. kurs &#8222;\u0141azarz&#8221;, Mocni w Duchu) organizowanych cyklicznie i jednorazowo, <\/li>\n\n\n\n<li>od wielu lat, organizowan\u0105 przez Koordynacj\u0119 Katolickiej Odnowy w Duchu \u015awi\u0119tym naszej diecezji,<\/li>\n\n\n\n<li>r\u00f3wnie\u017c poprzez udzia\u0142 w rekolekcjach, seminariach, kursach i innych dzie\u0142ach wsp\u00f3lnotowych i mi\u0119dzy wsp\u00f3lnotowych.<\/li>\n<\/ul>\n\n\n\n<p class=\"has-text-align-center has-nv-light-bg-background-color has-background\"><strong>nasze pos\u0142ugi<\/strong><\/p>\n\n\n\n<ul class=\"wp-block-list\">\n<ul class=\"wp-block-list\">\n<li>pos\u0142uga modlitw\u0105 podczas wtork\u00f3w Uwielbienia, kt\u00f3re odbywaj\u0105 si\u0119 w Ko\u015bciele (raz w miesi\u0105cu, przewa\u017cnie co drugi wtorek miesi\u0105ca), <\/li>\n\n\n\n<li>przygotowywanie karteczek ze S\u0142owem Bo\u017cym, rozdawanym podczas spotka\u0144, ewangelizacji itd.,<\/li>\n\n\n\n<li>pos\u0142uga modlitw\u0105 podczas Wigilii Zes\u0142ania Ducha \u015awi\u0119tego (\u201ewylanie Ducha \u015awi\u0119tego\u201d),<\/li>\n\n\n\n<li>pos\u0142uga modlitw\u0105 podczas Wigilii Zes\u0142ania Ducha \u015awi\u0119tego (\u201ewylanie Ducha \u015awi\u0119tego\u201d),<\/li>\n<\/ul>\n<\/ul>\n<\/div>\n\n\n\n<div class=\"wp-block-column is-layout-flow wp-block-column-is-layout-flow\">\n<p class=\"has-text-align-center has-nv-light-bg-background-color has-background\"><strong>spotkania diakonii<\/strong><\/p>\n\n\n\n<p class=\"has-text-align-center\">Spotykamy si\u0119 w&nbsp;<strong>Kawiarence&nbsp;<\/strong>Wsp\u00f3lnoty Michael (obok plebanii).<\/p>\n\n\n\n<p class=\"has-text-align-center\">Termin spotkania w trakcie ustalania.<\/p>\n\n\n\n<p class=\"has-text-align-center has-nv-light-bg-background-color has-text-color has-background has-link-color wp-elements-b8aac6ec12b999240ad740b578e04617\" style=\"color:#6961f2;font-size:18px\"><strong><em>Umawiamy si\u0119 te\u017c w dowolnym, dogodnym dla potrzebuj\u0105cego terminie w wyznaczonym miejscu np. kawiarenka Michaela<\/em><\/strong>  <\/p>\n<\/div>\n<\/div>\n\n\n\n<p class=\"has-nv-light-bg-background-color has-background\"><strong>galeria<\/strong><\/p>\n\n\n\n<p><em>wkr\u00f3tce&#8230;<\/em><\/p>\n","protected":false},"excerpt":{"rendered":"<p>osoba odpowiedzialna Mariola dane kontaktowe Zapraszamy do kontaktu r\u00f3wnie\u017c osoby, kt\u00f3re czuj\u0105 w sercu pos\u0142ugiwaniem modlitw\u0105 wstawiennicz\u0105 i ch\u0119tnie chc\u0105 do\u0142\u0105czy\u0107 do naszego zespo\u0142u! Czekamy na Ciebie! kilka s\u0142\u00f3w o nas Jeste\u015bmy osobami, kt\u00f3re rozezna\u0142y swoje powo\u0142anie we wsp\u00f3lnocie i maj\u0105 sta\u0142e pragnienie pos\u0142ugiwania modlitw\u0105 wstawiennicz\u0105. Powierzamy Panu osoby, kt\u00f3re przychodz\u0105 do nas po pomoc&hellip;&nbsp;<a href=\"https:\/\/michael.odnowa.org\/?page_id=728\" rel=\"bookmark\">Dowiedz si\u0119 wi\u0119cej &raquo;<span class=\"screen-reader-text\">Diakonia Wstawiennicza<\/span><\/a><\/p>\n","protected":false},"author":1,"featured_media":0,"parent":0,"menu_order":0,"comment_status":"closed","ping_status":"closed","template":"","meta":{"neve_meta_sidebar":"","neve_meta_container":"","neve_meta_enable_content_width":"","neve_meta_content_width":0,"neve_meta_title_alignment":"","neve_meta_author_avatar":"","neve_post_elements_order":"","neve_meta_disable_header":"","neve_meta_disable_footer":"","neve_meta_disable_title":"on","footnotes":""},"class_list":["post-728","page","type-page","status-publish","hentry"],"_links":{"self":[{"href":"https:\/\/michael.odnowa.org\/index.php?rest_route=\/wp\/v2\/pages\/728","targetHints":{"allow":["GET"]}}],"collection":[{"href":"https:\/\/michael.odnowa.org\/index.php?rest_route=\/wp\/v2\/pages"}],"about":[{"href":"https:\/\/michael.odnowa.org\/index.php?rest_route=\/wp\/v2\/types\/page"}],"author":[{"embeddable":true,"href":"https:\/\/michael.odnowa.org\/index.php?rest_route=\/wp\/v2\/users\/1"}],"replies":[{"embeddable":true,"href":"https:\/\/michael.odnowa.org\/index.php?rest_route=%2Fwp%2Fv2%2Fcomments&post=728"}],"version-history":[{"count":18,"href":"https:\/\/michael.odnowa.org\/index.php?rest_route=\/wp\/v2\/pages\/728\/revisions"}],"predecessor-version":[{"id":808,"href":"https:\/\/michael.odnowa.org\/index.php?rest_route=\/wp\/v2\/pages\/728\/revisions\/808"}],"wp:attachment":[{"href":"https:\/\/michael.odnowa.org\/index.php?rest_route=%2Fwp%2Fv2%2Fmedia&parent=728"}],"curies":[{"name":"wp","href":"https:\/\/api.w.org\/{rel}","templated":true}]}}