{"id":604,"date":"2024-10-06T12:31:10","date_gmt":"2024-10-06T12:31:10","guid":{"rendered":"https:\/\/michael.odnowa.org\/?page_id=604"},"modified":"2025-09-09T07:35:42","modified_gmt":"2025-09-09T07:35:42","slug":"aktualnosci-2-2-2-2","status":"publish","type":"page","link":"https:\/\/michael.odnowa.org\/?page_id=604","title":{"rendered":"[ rok formacyjny ]"},"content":{"rendered":"\n<p><\/p>\n\n\n\n<h3 class=\"wp-block-heading has-text-align-center\" style=\"font-size:30px\">nowy rok formacyjny 2025\/2026<\/h3>\n\n\n\n<div class=\"wp-block-media-text is-stacked-on-mobile\"><figure class=\"wp-block-media-text__media\"><img loading=\"lazy\" decoding=\"async\" width=\"1024\" height=\"683\" src=\"https:\/\/michael.odnowa.org\/wp-content\/uploads\/2025\/09\/ChatGPT-Image-8-wrz-2025-22_37_25-1024x683.png\" alt=\"\" class=\"wp-image-844 size-full\" srcset=\"https:\/\/michael.odnowa.org\/wp-content\/uploads\/2025\/09\/ChatGPT-Image-8-wrz-2025-22_37_25-1024x683.png 1024w, https:\/\/michael.odnowa.org\/wp-content\/uploads\/2025\/09\/ChatGPT-Image-8-wrz-2025-22_37_25-300x200.png 300w, https:\/\/michael.odnowa.org\/wp-content\/uploads\/2025\/09\/ChatGPT-Image-8-wrz-2025-22_37_25-768x512.png 768w, https:\/\/michael.odnowa.org\/wp-content\/uploads\/2025\/09\/ChatGPT-Image-8-wrz-2025-22_37_25-930x620.png 930w, https:\/\/michael.odnowa.org\/wp-content\/uploads\/2025\/09\/ChatGPT-Image-8-wrz-2025-22_37_25.png 1536w\" sizes=\"auto, (max-width: 1024px) 100vw, 1024px\" \/><\/figure><div class=\"wp-block-media-text__content\">\n<p class=\"has-text-align-center has-large-font-size\"><sup>temat przewodni: <\/sup><br>\u201e<strong><em>Uwielbij Go<\/em><\/strong>\u201d.<\/p>\n<\/div><\/div>\n\n\n\n<p><\/p>\n\n\n\n<p class=\"has-text-align-center\">To has\u0142o jest nie tylko zach\u0119t\u0105 do \u015bpiewu czy modlitwy, ale wezwaniem do postawy serca, kt\u00f3ra obejmuje ca\u0142e nasze \u017cycie. Uwielbia\u0107 Boga oznacza uzna\u0107 Go za Pana w ka\u017cdej chwili \u2013 w codzienno\u015bci, w pracy, w rodzinie, w relacjach i we wsp\u00f3lnocie. To zaproszenie, by spojrzenie na \u015bwiat, decyzje i spos\u00f3b \u017cycia stawa\u0142y si\u0119 wyrazem chwa\u0142y dla Boga.<\/p>\n\n\n\n<p class=\"has-text-align-center\">Maryja, jako pierwsza wypowiedzia\u0142a s\u0142owa: \u201e<em>Wielbi dusza moja Pana<\/em>\u201d i ca\u0142ym \u017cyciem sta\u0142a si\u0119 pie\u015bni\u0105 uwielbienia. Razem z Ni\u0105 chcemy uczy\u0107 si\u0119 trwania przy Bogu w codzienno\u015bci, w prostocie i w mocy Ducha \u015awi\u0119tego. Ona jest Matk\u0105 i Przewodniczk\u0105, kt\u00f3ra prowadzi nas w szkole uwielbienia.<\/p>\n\n\n\n<p class=\"has-text-align-center\">Uwielbienie jest modlitw\u0105, w kt\u00f3rej nie skupiamy si\u0119 na sobie, lecz podnosimy wzrok ku Panu. To modlitwa, w kt\u00f3rej og\u0142aszamy Jego dobro\u0107, mi\u0142o\u015b\u0107 i wierno\u015b\u0107. To przestrze\u0144, gdzie Duch \u015awi\u0119ty dotyka naszych serc, przemienia je i czyni zdolnymi do wdzi\u0119czno\u015bci, pokoju i rado\u015bci.<\/p>\n\n\n\n<p class=\"has-text-align-center\">W tym roku chcemy uczy\u0107 si\u0119 uwielbienia nie tylko na wsp\u00f3lnych spotkaniach, ale tak\u017ce w osobistej modlitwie i codziennym \u017cyciu. Pragniemy, aby nasza wsp\u00f3lnota stawa\u0142a si\u0119 szko\u0142\u0105 uwielbienia, gdzie ka\u017cdy mo\u017ce odkrywa\u0107 pi\u0119kno bycia dzieckiem Bo\u017cym i do\u015bwiadcza\u0107 mocy Ducha \u015awi\u0119tego.<\/p>\n\n\n\n<p class=\"has-text-align-center\">Dlatego nasz program formacyjny uk\u0142adamy tak, aby prowadzi\u0142 nas krok po kroku do g\u0142\u0119bszego spotkania z Bogiem \u2013 w liturgii, w S\u0142owie Bo\u017cym, we wsp\u00f3lnocie i w \u015bwiadectwie \u017cycia. Chcemy wzrasta\u0107 w modlitwie, jedno\u015bci i misji, a przede wszystkim \u2013 by ka\u017cdy z nas m\u00f3g\u0142 powiedzie\u0107 swoim \u017cyciem: <strong><em>\u201eUwielbij Go<\/em><\/strong>!\u201d.<\/p>\n\n\n\n<p class=\"has-text-align-center\">Aby to wezwanie \u2013 \u201e<strong><em>Uwielbij Go<\/em><\/strong>\u201d \u2013 nie pozosta\u0142o tylko pi\u0119knym has\u0142em, potrzebujemy drogi, kt\u00f3ra b\u0119dzie nas prowadzi\u0107 i kszta\u0142towa\u0107. Dlatego ten rok formacyjny zosta\u0142 u\u0142o\u017cony wok\u00f3\u0142 kilku g\u0142\u00f3wnych obszar\u00f3w \u017cycia wsp\u00f3lnoty. Ka\u017cdy z nich ma pom\u00f3c nam g\u0142\u0119biej spotyka\u0107 Jezusa, wzrasta\u0107 w Duchu<br>\u015awi\u0119tym i uczy\u0107 si\u0119 uwielbienia w codzienno\u015bci.<\/p>\n\n\n\n<p class=\"has-text-align-left\"><strong>Fundament formacji<\/strong><br> \u2022 <strong><em>Eucharysti\u0119 <\/em><\/strong>\u2013 centrum \u017cycia wsp\u00f3lnoty i \u017ar\u00f3d\u0142o wszelkiego uwielbienia. W niej spotykamy Jezusa \u017cywego i obecnego, karmimy si\u0119 Jego S\u0142owem i Cia\u0142em, a nasze uwielbienie \u0142\u0105czy si\u0119 z ofiar\u0105 Chrystusa. To najpe\u0142niejsze do\u015bwiadczenie jedno\u015bci z Bogiem i z Ko\u015bcio\u0142em.<br>\u2022 <strong><em>Lectio divina<\/em><\/strong> \u2013 spotkanie modlitewne ze S\u0142owem Bo\u017cym prowadzone przez ks. Marcina, duszpasterza (opiekuna) wsp\u00f3lnoty Michael. To czas s\u0142uchania, rozwa\u017cania i modlitwy, w kt\u00f3rym uczymy si\u0119 odkrywa\u0107 Boga m\u00f3wi\u0105cego w Pi\u015bmie \u015awi\u0119tym i pozwala\u0107, by Jego S\u0142owo przemienia\u0142o nasze \u017cycie.<br>\u2022 <strong><em>Grupy dzielenia<\/em><\/strong> \u2013 ma\u0142e spotkania, w kt\u00f3rych w braterskiej atmosferze dzielimy si\u0119 do\u015bwiadczeniem wiary i odkrywamy obecno\u015b\u0107 Boga w codzienno\u015bci.<\/p>\n\n\n\n<p><strong>Modlitwa wsp\u00f3lnotowa<\/strong><br>\u2022 <strong><em>\u201eWieczory Chwa\u0142y<\/em>\u201d<\/strong> \u2013 modlitewne spotkania uwielbienia prowadzone na \u017cywo przez Jakuba Bartkowiaka (\u015bwieckiego ewangelizatora i muzyka uwielbienia). To czas muzyki, \u015bpiewu i modlitwy przed Naj\u015bwi\u0119tszym Sakramentem, kt\u00f3ry prowadzi do g\u0142\u0119bszego do\u015bwiadczenie obecno\u015bci Boga.<br>\u2022 <strong><em>\u201eWieczory Uwielbienia z modlitw\u0105 wstawiennicz\u0105\u201d<\/em><\/strong> \u2013 spotkanie modlitewne przed Naj\u015bwi\u0119tszym Sakramentem, podczas kt\u00f3rego uwielbienie Boga \u0142\u0105czy si\u0119 z osobist\u0105 modlitw\u0105 wstawiennicz\u0105. Pos\u0142ug\u0119 muzyczn\u0105 prowadzi diakonia uwielbienia wsp\u00f3lnoty Michael, a modlitw\u0105 wstawiennicz\u0105 pos\u0142uguje diakonia wstawiennicza wsp\u00f3lnoty Michael.<br>\u2022<strong><em> \u201eAdoracja w ciszy\u201d<\/em><\/strong> \u2013 czas osobistego spotkania z Jezusem obecnym w Naj\u015bwi\u0119tszym Sakramencie. W milczeniu trwamy przed Panem, ucz\u0105c si\u0119 ws\u0142uchiwa\u0107 w Jego g\u0142os i zanurza\u0107 w Jego obecno\u015bci.<\/p>\n\n\n\n<p><strong>\u015awi\u0119to wsp\u00f3lnoty<\/strong><br>\u2022 <strong><em>Wigilia Zes\u0142ania Ducha \u015awi\u0119tego<\/em><\/strong> \u2013 kulminacyjny moment roku formacyjnego. Ca\u0142onocne czuwanie z Eucharysti\u0105, modlitw\u0105 uwielbienia i S\u0142owem Bo\u017cym. To czas oczekiwania na nowe wylanie Ducha \u015awi\u0119tego, kt\u00f3ry odnawia serca i posy\u0142a do misji.<\/p>\n\n\n\n<p><strong>Formacja i modlitwa<\/strong><br>\u2022 <strong><em>Konferencje o \u015bwi\u0119tych obcowaniu<\/em><\/strong> \u2013 cykl spotka\u0144, przypominaj\u0105cych nam, \u017ce w uwielbieniu nigdy nie jeste\u015bmy sami. \u015awi\u0119ci i anio\u0142owie towarzysz\u0105 nam w modlitwie, a ich \u017cycie staje si\u0119 dla nas inspiracj\u0105 i wsparciem. Konferencje b\u0119d\u0105 poprzedza\u0142y Wieczory Uwielbienia, pomagaj\u0105c g\u0142\u0119biej wej\u015b\u0107 w modlitw\u0119 i odkrywa\u0107 obecno\u015b\u0107 Ko\u015bcio\u0142a nieba i ziemi.<br>\u2022 <strong><em>Rekolekcje wsp\u00f3lnotowe<\/em><\/strong> \u2013 czas zatrzymania, modlitwy i budowania wi\u0119zi braterskich.<br>\u2022 <strong><em>Droga Krzy\u017cowa <\/em><\/strong>\u2013 wsp\u00f3lna modlitwa pasyjna, powierzaj\u0105ca Panu \u017cycie wsp\u00f3lnoty.<\/p>\n\n\n\n<p><strong>Spotkania jedno\u015bci<\/strong><br>\u2022 \u201e<strong><em>Dni Jedno\u015bci<\/em><\/strong>\u201d \u2013 wydarzenia umacniaj\u0105ce wi\u0119zi mi\u0119dzy wsp\u00f3lnotami Odnowy w Duchu \u015awi\u0119tym.<br>\u2022 \u201e<strong><em>Og\u00f3lnopolskie Czuwanie Odnowy w Duchu \u015awi\u0119tym<\/em><\/strong>\u201d \u2013 doroczne spotkanie tysi\u0119cy wiernych na Jasnej G\u00f3rze, czas modlitwy, uwielbienia i odnowienia dar\u00f3w Ducha \u015awi\u0119tego.<\/p>\n\n\n\n<p><strong>Budowanie wsp\u00f3lnoty<\/strong><br>\u2022 <strong><em>Spotkania w diakoniach<\/em><\/strong> \u2013 formacja i pos\u0142uga w mniejszych zespo\u0142ach odpowiedzialnych za r\u00f3\u017cne obszary \u017cycia wsp\u00f3lnoty.<br>\u2022 <strong><em>Agapy i integracje<\/em><\/strong> \u2013 braterskie spotkania przy stole (op\u0142atek, Pascha, wsp\u00f3lny czas i wyjazdy), kt\u00f3re wzmacniaj\u0105 wi\u0119zi i przyja\u017a\u0144 we wsp\u00f3lnocie.<\/p>\n\n\n\n<p><strong>Szczeg\u00f3lne inicjatywy<\/strong><br>\u2022 <strong><em>Seminarium Odnowy Wiary<\/em><\/strong> \u2013 wyj\u0105tkowy cykl prowadzony przez ojca jezuit\u0119, otwarty dla wszystkich. To czas, w kt\u00f3rym mo\u017cemy na nowo odkry\u0107 osobiste spotkanie z Jezusem, do\u015bwiadczy\u0107 mocy S\u0142owa Bo\u017cego i odnowi\u0107 dar chrztu w Duchu \u015awi\u0119tym. Seminarium stanie si\u0119 przestrzeni\u0105 umocnienia wiary i pog\u0142\u0119bienia \u017cycia duchowego \u2013 nie tylko dla cz\u0142onk\u00f3w wsp\u00f3lnoty, ale dla ka\u017cdego, kto pragnie blisko\u015bci Boga.<br>\u2022 <strong><em>Warsztaty dla m\u0119\u017cczyzn \u201eM\u0119\u017cne serce. Droga Wojownika<\/em><\/strong>\u201d (edycja 2) \u2013 autorski program formacyjny (we wsp\u00f3\u0142pracy z Fundacj\u0105), kt\u00f3ry w innowacyjny spos\u00f3b \u0142\u0105czy duchowo\u015b\u0107, braterstwo i praktyk\u0119 codziennego \u017cycia. Pierwsza edycja przeros\u0142a nasze oczekiwania \u2013 uczestnicy odkryli w sobie now\u0105 si\u0142\u0119 i odwag\u0119 wiary. Druga edycja to kolejny krok, by pog\u0142\u0119bi\u0107 m\u0119sk\u0105 to\u017csamo\u015b\u0107, odnale\u017a\u0107 swoje duchowe powo\u0142anie i uczy\u0107 si\u0119 \u017cy\u0107 jako wojownik serca.<\/p>\n\n\n\n<p><\/p>\n\n\n\n<p class=\"has-text-align-center\">Niech prowadzi nas S\u0142owo: \u201e<strong><em>B\u00f3g jest Duchem; potrzeba wi\u0119c, by czciciele Jego oddawali Mu cze\u015b\u0107 w Duchu i prawdzie<\/em><\/strong>\u201d (J 4,24). <br>To Jezus wskazuje nam drog\u0119 \u2013 uwielbienie w Duchu i prawdzie. To nie tylko forma modlitwy, ale styl \u017cycia, <br>w kt\u00f3rym serce cz\u0142owieka zostaje ca\u0142kowicie zwr\u00f3cone ku Bogu.<\/p>\n\n\n\n<p class=\"has-text-align-center\">\u015awi\u0119ty Franciszek z Asy\u017cu przypomina nam, \u017ce ka\u017cde stworzenie jest zaproszone, by wielbi\u0107 Stw\u00f3rc\u0119: <br>\u201e<strong><em>Pochwalony b\u0105d\u017a, Panie m\u00f3j, z wszystkimi Twymi stworzeniami\u2026&#8221;<\/em><\/strong><\/p>\n\n\n\n<p class=\"has-text-align-center\">A Maryja, nasza Matka, ukazuje nam, \u017ce uwielbienie to droga zawierzenia i ufno\u015bci. Jej Magnificat \u2013 \u201e<strong><em>Wielbi dusza moja Pana<\/em><\/strong>\u201d \u2013 staje si\u0119 dla nas modlitw\u0105 i programem \u017cycia. Razem ze \u015bwi\u0119tymi, ca\u0142ym stworzeniem i z Maryj\u0105 chcemy w tym roku stan\u0105\u0107 w jednym wielkim ch\u00f3rze uwielbienia.<\/p>\n\n\n\n<p class=\"has-text-align-center\">Pragniemy, aby ka\u017cdy nasz krok, ka\u017cde spotkanie, ka\u017cda pos\u0142uga i codzienna praca stawa\u0142y si\u0119 pie\u015bni\u0105 chwa\u0142y dla Boga.<\/p>\n\n\n\n<p class=\"has-text-align-center\">Dlatego podejmujemy to wezwanie: \u201e<strong><em>Uwielbij Go!\u201d<\/em><\/strong> \u2013 nie tylko s\u0142owem, ale ca\u0142ym \u017cyciem. Chcemy, aby ten rok formacyjny by\u0142 czasem odkrywania pi\u0119kna uwielbienia, w kt\u00f3rym serce cz\u0142owieka jednoczy si\u0119 z Duchem \u015awi\u0119tym i Ko\u015bcio\u0142em, a nasza wsp\u00f3lnota staje si\u0119 \u017cyw\u0105 \u015bwi\u0105tyni\u0105 chwa\u0142y Boga.<\/p>\n\n\n\n<p class=\"has-text-align-center\"><em>Niech Duch \u015awi\u0119ty nas prowadzi, <br>Maryja uczy nas uwielbienia, <br>a ca\u0142e stworzenie wo\u0142a razem z nami: \u201e<strong>Uwielbij Go!<\/strong>\u201d.<\/em><\/p>\n\n\n\n<p class=\"has-text-align-center\"><\/p>\n","protected":false},"excerpt":{"rendered":"<p>nowy rok formacyjny 2025\/2026 temat przewodni: \u201eUwielbij Go\u201d. To has\u0142o jest nie tylko zach\u0119t\u0105 do \u015bpiewu czy modlitwy, ale wezwaniem do postawy serca, kt\u00f3ra obejmuje ca\u0142e nasze \u017cycie. Uwielbia\u0107 Boga oznacza uzna\u0107 Go za Pana w ka\u017cdej chwili \u2013 w codzienno\u015bci, w pracy, w rodzinie, w relacjach i we wsp\u00f3lnocie. To zaproszenie, by spojrzenie na&hellip;&nbsp;<a href=\"https:\/\/michael.odnowa.org\/?page_id=604\" rel=\"bookmark\">Dowiedz si\u0119 wi\u0119cej &raquo;<span class=\"screen-reader-text\">[ rok formacyjny ]<\/span><\/a><\/p>\n","protected":false},"author":1,"featured_media":0,"parent":0,"menu_order":0,"comment_status":"closed","ping_status":"closed","template":"","meta":{"neve_meta_sidebar":"full-width","neve_meta_container":"","neve_meta_enable_content_width":"","neve_meta_content_width":0,"neve_meta_title_alignment":"left","neve_meta_author_avatar":"","neve_post_elements_order":"","neve_meta_disable_header":"","neve_meta_disable_footer":"","neve_meta_disable_title":"on","footnotes":""},"class_list":["post-604","page","type-page","status-publish","hentry"],"_links":{"self":[{"href":"https:\/\/michael.odnowa.org\/index.php?rest_route=\/wp\/v2\/pages\/604","targetHints":{"allow":["GET"]}}],"collection":[{"href":"https:\/\/michael.odnowa.org\/index.php?rest_route=\/wp\/v2\/pages"}],"about":[{"href":"https:\/\/michael.odnowa.org\/index.php?rest_route=\/wp\/v2\/types\/page"}],"author":[{"embeddable":true,"href":"https:\/\/michael.odnowa.org\/index.php?rest_route=\/wp\/v2\/users\/1"}],"replies":[{"embeddable":true,"href":"https:\/\/michael.odnowa.org\/index.php?rest_route=%2Fwp%2Fv2%2Fcomments&post=604"}],"version-history":[{"count":23,"href":"https:\/\/michael.odnowa.org\/index.php?rest_route=\/wp\/v2\/pages\/604\/revisions"}],"predecessor-version":[{"id":848,"href":"https:\/\/michael.odnowa.org\/index.php?rest_route=\/wp\/v2\/pages\/604\/revisions\/848"}],"wp:attachment":[{"href":"https:\/\/michael.odnowa.org\/index.php?rest_route=%2Fwp%2Fv2%2Fmedia&parent=604"}],"curies":[{"name":"wp","href":"https:\/\/api.w.org\/{rel}","templated":true}]}}